1?
True
Does 3 divide 511?
False
Is 15848 a multiple of 14?
True
Does 8 divide 596?
False
Does 39 divide 8796?
False
Does 3 divide 1989?
True
Does 29 divide 2616?
False
Is 140 a factor of 840?
True
Does 17 divide 390?
False
Is 3968 a multiple of 64?
True
Is 14916 a multiple of 41?
False
Is 2 a factor of 317?
False
Is 899 a multiple of 22?
False
Does 23 divide 1842?
False
Is 80 a multiple of 80?
True
Is 57 a factor of 1879?
False
Is 7 a factor of 344?
False
Is 71802 a multiple of 172?
False
Is 2 a factor of 625?
False
Is 11 a factor of 580?
False
Is 21 a factor of 273?
True
Is 124 a factor of 66340?
True
Is 50 a factor of 11100?
True
Does 70 divide 4760?
True
Is 47 a factor of 75?
False
Is 4134 a multiple of 78?
True
Does 46 divide 860?
False
Is 52808 a multiple of 328?
True
Does 33 divide 12757?
False
Is 6 a factor of 28032?
True
Is 22 a factor of 1210?
True
Is 18306 a multiple of 27?
True
Is 123 a factor of 2486?
False
Is 8 a factor of 41930?
False
Is 4761 a multiple of 69?
True
Is 86 a multiple of 3?
False
Does 107 divide 28890?
True
Is 12378 a multiple of 59?
False
Is 7 a factor of 666?
False
Does 18 divide 3240?
True
Is 516 a multiple of 4?
True
Does 4 divide 277?
False
Is 47 a multiple of 24?
False
Is 10888 a multiple of 121?
False
Is 931 a multiple of 5?
False
Is 38 a factor of 3344?
True
Is 517 a multiple of 47?
True
Is 36 a factor of 9067?
False
Does 5 divide 442?
False
Is 15564 a multiple of 3?
True
Is 62 a multiple of 31?
True
Does 12 divide 32?
False
Is 38 a factor of 12464?
True
Does 14 divide 23494?
False
Is 4350 a multiple of 145?
True
Is 18 a factor of 2376?
True
Does 6 divide 3117?
False
Is 22 a factor of 3586?
True
Does 139 divide 13427?
False
Is 5 a factor of 337?
False
Is 74 a factor of 2368?
True
Does 81 divide 3240?
True
Is 47 a factor of 15192?
False
Is 12175 a multiple of 137?
False
Does 37 divide 12729?
False
Is 68 a factor of 68?
True
Is 598 a multiple of 22?
False
Is 12 a factor of 71875?
False
Does 57 divide 3990?
True
Does 56 divide 29624?
True
Is 50 even?
True
Does 13 divide 1495?
True
Does 8 divide 2408?
True
Does 5 divide 68975?
True
Is 149 a factor of 13112?
True
Is 14 a factor of 1050?
True
Is 3930 a multiple of 6?
True
Is 3308 a multiple of 22?
False
Is 2260 a multiple of 2?
True
Is 12 a factor of 1045?
False
Is 22 a factor of 594?
True
Is 9891 a multiple of 157?
True
Is 18 a factor of 396?
True
Is 99 a multiple of 6?
False
Is 1421 a multiple of 14?
False
Does 33 divide 16137?
True
Is 2403 a multiple of 67?
False
Is 15939 a multiple of 11?
True
Is 960 a multiple of 13?
False
Is 14 a factor of 20580?
True
Does 30 divide 6150?
True
Does 5 divide 420?
True
Does 10 divide 137?
False
Is 263 a multiple of 14?
False
Is 94 a factor of 15788?
False
Is 4164 a multiple of 13?
False
Is 10 a factor of 650?
True
Does 16 divide 20202?
False
Does 17 divide 1224?
True
Is 15066 a multiple of 12?
False
Is 104 a multiple of 8?
True
Is 50 a factor of 90850?
True
Does 97 divide 792?
False
Is 8 a factor of 2712?
True
Does 219 divide 64605?
True
Is 73 a factor of 31305?
False
Is 94 a factor of 986?
False
Is 140 a factor of 8120?
True
Is 3013 a multiple of 41?
False
Is 289 a multiple of 37?
False
Does 6 divide 2772?
True
Does 5 divide 1556?
False
Is 576 a multiple of 9?
True
Does 13 divide 727?
False
Is 5 a factor of 1650?
True
Is 350 a factor of 92016?
False
Is 27887 a multiple of 3?
False
Is 9841 a multiple of 52?
False
Is 1836 a multiple of 27?
True
Does 101 divide 16373?
False
Does 11 divide 25156?
False
Is 21408 a multiple of 223?
True
Is 22 a factor of 6490?
True
Does 13 divide 4974?
False
Is 14 a factor of 1011?
False
Is 1230 a multiple of 7?
False
Is 28860 a multiple of 65?
True
Does 97 divide 43359?
True
Does 68 divide 7276?
True
Does 2 divide 151?
False
Does 8 divide 5895?
False
Does 5 divide 116?
False
Is 5042 a multiple of 16?
False
Is 8575 a multiple of 17?
False
Is 900 a multiple of 9?
True
Does 131 divide 2620?
True
Is 290 a factor of 39019?
False
Does 27 divide 1487?
False
Does 30 divide 1110?
True
Is 23 a factor of 7567?
True
Does 129 divide 34147?
False
Does 155 divide 13444?
False
Is 4 a factor of 862?
False
Is 92 a multiple of 7?
False
Is 21 a factor of 229?
False
Does 171 divide 9931?
False
Does 8 divide 15816?
True
Does 51 divide 1581?
True
Is 7 a factor of 315?
True
Does 91 divide 182?
True
Is 21 a factor of 11109?
True
Is 1890 a multiple of 105?
True
Is 18 a factor of 2844?
True
Does 39 divide 4751?
False
Is 16 a factor of 659?
False
Does 75 divide 5895?
False
Does 38 divide 570?
True
Is 1258 a multiple of 16?
False
Is 6 a factor of 354?
True
Is 30 a factor of 1800?
True
Is 11 a factor of 679?
False
Is 36 a factor of 35671?
False
Is 12 a factor of 9582?
False
Does 240 divide 14200?
False
Is 80724 a multiple of 28?
True
Is 130 a multiple of 3?
False
Does 10 divide 2140?
True
Is 928 a multiple of 4?
True
Does 8 divide 27216?
True
Is 162 a multiple of 10?
False
Is 203 a factor of 20384?
False
Is 779 a multiple of 2?
False
Is 47 a factor of 470?
True
Is 163 a factor of 48334?
False
Is 29 a factor of 605?
False
Is 165 a multiple of 5?
True
Is 5776 a multiple of 38?
True
Does 17 divide 17210?
False
Is 649 a multiple of 6?
False
Does 67 divide 30325?
False
Is 31 a factor of 9734?
True
Is 25808 a multiple of 70?
False
Does 11 divide 759?
True
Is 5 a factor of 558?
False
Does 167 divide 3816?
False
Is 7860 a multiple of 60?
True
Does 23 divide 4566?
False
Is 4640 a multiple of 80?
True
Does 40 divide 7121?
False
Is 1395 a multiple of 9?
True
Is 10 a factor of 497?
False
Does 2 divide 181?
False
Does 261 divide 15660?
True
Is 20748 a multiple of 133?
True
Does 23 divide 920?
True
Is 10208 a multiple of 176?
True
Is 14544 a multiple of 72?
True
Is 2912 a multiple of 8?
True
Does 202 divide 13242?
False
Is 29 a factor of 936?
False
Is 508 a multiple of 16?
False
Does 114 divide 2143?
False
Does 126 divide 1818?
False
Is 11160 a multiple of 31?
True
Is 110 a factor of 2860?
True
Does 17 divide 136?
True
Is 47 a factor of 8210?
False
Does 9 divide 2511?
True
Is 425 a multiple of 26?
False
Does 14 divide 21095?
False
Is 23 a factor of 437?
True
Is 30 a factor of 1630?
False
Is 30 a factor of 24458?
False
Is 8334 a multiple of 7?
False
Does 94 divide 61858?
False
Is 31164 a multiple of 106?
True
Does 25 divide 10617?
False
Is 14489 a multiple of 28?
False
Is 4895 a multiple of 55?
True
Is 24 a factor of 9950?
False
Is 2 a factor of 3598?
True
Is 28 a factor of 1169?
False
Is 2754 a multiple of 102?
True
Is 20 a factor of 80?
True
Is 2193 a multiple of 10?
False
Is 387 a multiple of 9?
True
Does 5 divide 320?
True
Does 23 divide 1177?
False
Is 9 a factor of 576?
True
Is 7203 a multiple of 127?
False
Is 67200 a multiple of 35?
True
Does 29 divide 1305?
True
Does 38 divide 532?
True
Is 1645 a multiple of 46?
False
Is 104 a factor of 12272?
True
Does 13 divide 1664?
True
Is 4 a factor of 3162?
False
Does 21 divide 16779?
True
Is 6930 a multiple of 90?
True
Is 777 a multiple of 3?
True
Is 27 a factor of 82?
False
Is 2300 a multiple of 11?
False
Is 57281 a multiple of 49?
True
Is 44 a factor of 748?
True
Is 8177 a multiple of 70?
False
Is 10 a factor of 80?
True
Does 16 divide 5615?
False
Is 34 a factor of 578?
True
Is 8 a factor of 114?
False
Is 1283 a multiple of 12?
False
Is 10722 a multiple of 27?
False
Does 10 divide 550?
True
Does 6 divide 688?
False
Does 8 divide 1368?
True
Is 172 a factor of 59340?
True
Does 4 divide 199?
False
Does 57 divide 2285?
False
Is 42 a factor of 19320?
True
Is 88 a factor of 3279?
False
Is 21 a factor of 3017?
False
Does 9 divide 1281?
False
Is 1150 a multiple of 115?
True
Is 465 a multiple of 15?
True
Is 4648 a multiple of 4?
True
Is 19 a factor of 513?
True
Is 29 a factor of 232?
True
Is 66 a multiple of 22?
True
Is 8223 a multiple of 69?
False
Is 7 a factor of 163?
False
Is 5200 a multiple of 5?
True
Does 3 divide 232?
False
Is 4080 a multiple of 10?
True
Does 17 divide 64338?
False
Is 3 a factor of 1239?
True
Is 89 a factor of 26371?
False
Is 55101 a multiple of 271?
False
Does 28 divide 639?
False
Does 151 divide 18120?
True
Does 47 divide 1242?
False
Is 29040 a multiple of 20?
True
Is 7 a factor of 1656?
False
Is 700 a multiple of 20?
True
Is 9724 a multiple of 13?
True
Does 62 divide 13